b**2 + 15*b - 1. Suppose 4*n - 240 = -0*n. Suppose n - 16 = 4*l. What is the units digit of a(l)?
3
Suppose -5*d + 9*d = -t + 18272, 0 = d + 5*t - 4587. What is the tens digit of d?
6
Let x(d) = d + 12. Let y be x(-10). Suppose 2*s = y*j - 82, -4*s + 48 = 3*j - 40. What is the units digit of j?
6
Suppose -85*x + 7318 = -83*x. What is the tens digit of x?
5
What is the thousands digit of 0 + 5/((-40)/(-14528))?
1
Suppose 6310 = 11*h + 1778. What is the hundreds digit of h?
4
Suppose 22*h - 17*h - 20 = 0. Suppose 0 = 2*q - 4*j - 22, 0 = 3*q + q + 5*j - 5. Suppose 28 = o - n - h, -q*n - 44 = -o. What is the tens digit of o?
2
What is the units digit of 255740/304 - ((-3)/4 + 1)?
1
What is the tens digit of (6/(-5))/2 + (-3186414)/(-1815)?
5
Suppose -3290 = 3*j - 8*j + 2*w, -4*j = 3*w - 2655. Suppose 4*g - j = 388. Suppose 14 = 4*s - g. What is the units digit of s?
9
Let t(b) = 402*b + 2. Let h be t(1). Suppose h = 3*m + m. What is the hundreds digit of m?
1
Let r be 0 + (3 - -3) + (-2 - 0). Suppose -r*u + 453 + 219 = 0. What is the units digit of u?
8
Let r(y) = -1 + 6 + y + 6 + 4. Let l be r(-7). What is the tens digit of 54*4/l + 3?
3
Suppose 4*w = -r + 1041, -2*w + 3173 = r + 2*r. What is the thousands digit of r?
1
Suppose -5*h + 16 = -h. Let l(t) = -9*t + h*t + 9 - t. What is the tens digit of l(-5)?
3
Let s(z) = -z + 29. Let r(i) = 2*i - 72. Let l(n) = 5*r(n) + 12*s(n). Let h be l(-10). Suppose 0 = 11*p - h*p - 9. What is the units digit of p?
3
Let o(i) = -7*i + 2. Let f be o(-1). Suppose f*l - 51 - 390 = 0. What is the tens digit of l?
4
Let o(l) = 6*l**3 - 2*l**2 - 17*l - 27. What is the units digit of o(7)?
4
What is the tens digit of (-10)/(-6) - -7334*(-8)/(-48)?
2
Suppose -z + 0 = -4. Suppose -1260 = -3*o - z*o. Suppose 5*t - 148 = -4*s, 4*t - t + o = 4*s. What is the tens digit of s?
4
What is the hundreds digit of (-4)/(-1)*(-122)/(-2)?
2
Let z(k) = 2*k**2 - 7*k + 5. Let s be 3*(-2)/(-12)*40. Suppose 4*c - s = -4. What is the units digit of z(c)?
9
What is the units digit of -4 + 9390/(-4)*188/(-282)?
1
Let f be (1 - -8)*20/15. What is the units digit of (-16)/f*(-12)/4?
4
Suppose 0 = -m - 3*m + 2032. Suppose 0 = -2*f - 3*f - 3*s + m, -206 = -2*f - 4*s. What is the tens digit of f?
0
Suppose 4*c + r = 22, -2*r = 3*c + r - 21. Let s be (2/c)/(6/300). Let b = 69 - s. What is the units digit of b?
9
Suppose -t + 12084 = 5*i, 5*i + 14*t - 12072 = 16*t. What is the tens digit of i?
1
Suppose b + 19 = -4*o, o + 2*o = -b - 21. Let n = 29 + b. Suppose 5*c - 3*g - 222 = 0, 2*c = -n*c + 5*g + 175. What is the tens digit of c?
4
Let n(p) = -9 - p**2 - 7*p + 14 - 7*p. What is the units digit of n(-7)?
4
Suppose -1573 = 6*x - 4453. What is the units digit of x?
0
Let v = 78 - 1004. What is the tens digit of v/(-10) - (-60)/(-100)?
9
Let h(p) = 72*p**2 - 64*p - 413. What is the tens digit of h(-7)?
6
Suppose -2*v = 3*f - 4*v - 66, f - 17 = -v. What is the hundreds digit of (162/4)/(3/f)?
2
What is the tens digit of (14 + 330/(-24))/((-1)/(-3476))?
6
Suppose 3*u = -0*n - 4*n + 33, -1 = u. What is the units digit of 6*n - (10 - 9)?
3
Let x = -105 + 263. Suppose -14*c = -16*c + x. What is the tens digit of c?
7
Let s(d) = -13*d - 48. What is the tens digit of s(-11)?
9
Let y be (0/(-2))/(-5 + 2). Suppose y*v + 68 = v. What is the units digit of v?
8
Suppose -3*z - 59 = -z - 3*p, 0 = -3*z - 4*p - 80. Let d be (-33)/(-12) + (-7)/z. Let s(y) = 2*y**2 + 3*y - 6. What is the tens digit of s(d)?
2
Let d = 273 - 186. Let p = -43 + d. Suppose p = 2*q + 2*q. What is the tens digit of q?
1
Let x(d) = -d**2 + 4*d - 3. Let a be x(2). What is the units digit of a/(-2)*(-102)/17?
3
Let g(v) = -2*v**2 + 156*v - 74. What is the tens digit of g(45)?
9
What is the hundreds digit of (89/6 + (-30)/20)*249?
3
What is the tens digit of (29 - 2)*(3 - 2)?
2
Let c = 1144 - 698. What is the tens digit of c?
4
Suppose -4*j + 4*s + 3581 = -j, 2*j = -4*s + 2394. What is the tens digit of j?
9
Let k(o) = 15*o**2 - 1. Let b(t) = 3*t**2 + 2*t + 1. Let i be b(-1). Suppose -4*d + i*d = 2. What is the units digit of k(d)?
4
Let w be (-1 + 3)/(6/(-261)). Let t = w - -199. What is the units digit of t?
2
Let m = -445 + 962. What is the units digit of m?
7
What is the units digit of (1 - 26784/(-21)) + (-12)/28?
6
Let d = 897 - 255. What is the tens digit of d?
4
Let r(u) = -3*u**2 - 64*u + 7. Let c be r(-21). Suppose -2*a - 3*a = 5*y - 400, -3*y = -a + 76. Let j = a - c. What is the units digit of j?
1
Let o be 5*50/4*8/(-10). What is the units digit of 9/12 + o/(-8)?
7
Let m(g) = g + 787. Let d be m(0). Suppose 0 = -2*w - 2, 0 = -5*x + 4*w + d - 208. What is the units digit of x?
5
Let h(u) = -1913*u**3 - 2*u**2 + 24*u + 26. What is the thousands digit of h(-1)?
1
Let b(s) = 26*s - 12. Suppose 6 - 26 = -4*k. Let l be b(k). Suppose -3*u = 2*g - 54, -u - l = -0*g - 5*g. What is the tens digit of g?
2
Let d(t) = t**2 + 5*t. Let u be d(-5). Suppose u = -5*w - 3*m + m + 232, -3*w = -5*m - 164. What is the tens digit of w?
4
Let w be (4/3)/((-3)/(-9)). Let c be 102/w*24/9. Let h = c + -28. What is the units digit of h?
0
Suppose -c + 2*u = 2, -4*u - u = 3*c - 27. Suppose f = c*f + 12. What is the units digit of 114/f*(0 + -2)?
7
Let d = -1 + 7. Let j(r) = r**3 - 7*r**2 + 8*r - 9. Let s be j(d). Suppose 2*n - 87 = -s*q, -q + 43 = -5*n + n. What is the units digit of q?
1
Let m = -32 - -34. Suppose -m*o - 3 + 101 = 0. What is the units digit of o?
9
Let g(x) = -x**3 + 9*x**2 + 9*x + 10. Let n be g(10). Suppose -q = 2*r - 24, n*q = -4*q - 8. What is the tens digit of r?
1
Let v(f) = -65*f - 3*f**3 + 64*f + 2*f**3 + 6 + 9*f**2. Let p be v(9). Let h(o) = -18*o + 3. What is the units digit of h(p)?
7
Let x(f) = -26*f**2 + 2*f - 1. Let i be x(-2). Let w = 190 + i. What is the units digit of w?
1
Let y = 651 + -1787. Let q be y/80 + 8/(-10). What is the tens digit of -1 - q/(-2 + 3)?
1
Suppose -145 = -5*i + 5*j, 2*i = -2*j - 20 + 74. Let z = -51 - -49. What is the tens digit of z + (-2)/2 + i?
2
What is the hundreds digit of (-1 + 449/(-4))/(123/(-820))?
7
Let p(d) = -18*d**3 + d**2 + 2*d + 3. Suppose 3*v = 9, 0 = -8*z + 7*z + 3*v - 11. What is the units digit of p(z)?
7
Let u = -56 + 31. Let j = u - -29. Suppose -20 - j = -4*w. What is the units digit of w?
6
What is the hundreds digit of (-786)/(-1) - 2 - 0?
7
Let k(d) = d**2 - 5*d - 1. Let i(u) = u**2 - 6*u + 3. Let p be i(6). Suppose 5*x + 0*x = p*g - 41, g = 3*x + 19. What is the units digit of k(g)?
3
Suppose 2*w - 3*y - 144 = 27, -284 = -3*w - y. Suppose -15 = -2*l + 5*l, -2*z - 3*l = -w. What is the units digit of z?
4
Let g = -6130 - -10592. What is the units digit of g?
2
Suppose -4*f = -5*u + 3315, 0 = -3*u + 6*f - 7*f + 2006. What is the units digit of u?
7
Suppose h = -3*l + 268, -45 + 567 = 2*h - l. What is the tens digit of 1/(-4 + 1050/h)?
3
Suppose 2257 = 3*d - 1304. What is the tens digit of d?
8
Let l(n) = n + 1 - 5 + 0 - 3. Let p be l(7). Suppose -2*q - 3*b = 8, -2*b + 4 - 12 = p. What is the units digit of q?
2
What is the hundreds digit of 77613/(-41)*(2/3 + -3)?
4
What is the tens digit of (2 + -2)/(-3 - -1) + 161?
6
Let m(q) = 5*q + 1283. What is the hundreds digit of m(0)?
2
Let a be (-300)/8*5/(15/(-6)). What is the tens digit of -3 + a*(3 + -2)?
7
Suppose -5*r = 4*y - 1715, -5*y = -7*y + 4*r + 890. What is the tens digit of y?
3
Let r(q) = 2*q**2 + 2*q + 9. Suppose 5*t - 3*c = 7 - 78, 2*c = 3*t + 43. Let u = t - -10. What is the units digit of r(u)?
1
Let d(c) = -c**2 + 13*c - 9. Let r(k) be the second derivative of k**3/2 + 3*k**2/2 + k. Let g be r(3). What is the units digit of d(g)?
3
Suppose -15 = -3*q - 12, 5*s + 3*q = 1493. What is the tens digit of s?
9
Let a(p) = -p**2 - 17*p - 10. Let i be a(-12). Suppose -79 - i = -3*b. Suppose 0 = 4*z - b - 33. What is the units digit of z?
9
Let o(g) = 2*g**2 - g + 3. Let m(v) = -v - 15. Let b(a) = -a - 14. Let r(j) = 4*b(j) - 5*m(j). Let f be r(-16). What is the tens digit of o(f)?
1
Let w(v) = -v + 15. Let i be w(13). Suppose 0*r = i*r - 64. Suppose 3*c - r = c. What is the units digit of c?
6
Let u = 49 - -181. Let c = u - 69. What is the hundreds digit of c?
1
Let c = -254 + 153. Let z = c + 148. What is the tens digit of z?
4
Suppose 3 - 13 = -5*n. Suppose 0 = -n*q